{"id":2478,"date":"2012-10-30T12:45:39","date_gmt":"2012-10-30T10:45:39","guid":{"rendered":"http:\/\/www.eso-volley.fr\/?page_id=2478"},"modified":"2015-02-13T14:14:03","modified_gmt":"2015-02-13T12:14:03","slug":"soumettre-un-resultat","status":"publish","type":"page","link":"https:\/\/www.eso-volley.fr\/?page_id=2478","title":{"rendered":"Soumettre un r\u00e9sultat"},"content":{"rendered":"<p>Cette page vous permet de soumettre un r\u00e9sultat non encore valoris\u00e9 sur notre site.<br \/>\n<strong><span style=\"color: #bc0000;\">Attention, cela ne remplace en rien l&rsquo;envoi des feuilles de matchs\u00a0\u00e0 l&rsquo;UFOLEP, et\/ou \u00e0 la FSGT et\/ou \u00e0 la Commission !<\/span><\/strong><\/p>\n<div class=\"erreur fade\"><p><strong>Vous devez \u00eatre connect\u00e9\u00b7e pour soumettre un r\u00e9sultat.<\/strong><\/div>\n","protected":false},"excerpt":{"rendered":"<p>Cette page vous permet de soumettre un r\u00e9sultat non encore valoris\u00e9 sur notre site. Attention, cela ne remplace en rien l&rsquo;envoi des feuilles de matchs\u00a0\u00e0 l&rsquo;UFOLEP, et\/ou \u00e0 la FSGT et\/ou \u00e0 la Commission !<\/p>\n","protected":false},"author":36,"featured_media":0,"parent":723,"menu_order":2,"comment_status":"open","ping_status":"closed","template":"","meta":{"footnotes":""},"class_list":["post-2478","page","type-page","status-publish","hentry","nodate","item-wrap"],"_links":{"self":[{"href":"https:\/\/www.eso-volley.fr\/index.php?rest_route=\/wp\/v2\/pages\/2478","targetHints":{"allow":["GET"]}}],"collection":[{"href":"https:\/\/www.eso-volley.fr\/index.php?rest_route=\/wp\/v2\/pages"}],"about":[{"href":"https:\/\/www.eso-volley.fr\/index.php?rest_route=\/wp\/v2\/types\/page"}],"author":[{"embeddable":true,"href":"https:\/\/www.eso-volley.fr\/index.php?rest_route=\/wp\/v2\/users\/36"}],"replies":[{"embeddable":true,"href":"https:\/\/www.eso-volley.fr\/index.php?rest_route=%2Fwp%2Fv2%2Fcomments&post=2478"}],"version-history":[{"count":1,"href":"https:\/\/www.eso-volley.fr\/index.php?rest_route=\/wp\/v2\/pages\/2478\/revisions"}],"predecessor-version":[{"id":3721,"href":"https:\/\/www.eso-volley.fr\/index.php?rest_route=\/wp\/v2\/pages\/2478\/revisions\/3721"}],"up":[{"embeddable":true,"href":"https:\/\/www.eso-volley.fr\/index.php?rest_route=\/wp\/v2\/pages\/723"}],"wp:attachment":[{"href":"https:\/\/www.eso-volley.fr\/index.php?rest_route=%2Fwp%2Fv2%2Fmedia&parent=2478"}],"curies":[{"name":"wp","href":"https:\/\/api.w.org\/{rel}","templated":true}]}}