{"id":3711,"date":"2015-02-10T10:39:01","date_gmt":"2015-02-10T09:39:01","guid":{"rendered":"http:\/\/www.eso-volley.fr\/?page_id=3711"},"modified":"2016-12-08T13:55:41","modified_gmt":"2016-12-08T12:55:41","slug":"tournois","status":"publish","type":"page","link":"https:\/\/www.eso-volley.fr\/?page_id=3711","title":{"rendered":"Tournois"},"content":{"rendered":"\t<div id=\"tabs\">\n\t\t\t\t\t<ul>\n\t\t\t\t\t\t<li><a href=\"#tabs-avenir\" title=\"Tournois \u00e0 venir\">Tournois \u00e0 venir<\/a><\/li>\n\t\t\t\t\t\t<li><a href=\"#tabs-passes\" title=\"Tournois pass\u00e9s\">Tournois pass\u00e9s<\/a><\/li>\n\t\t\t\t\t<\/ul>\n\t\t\t\t\t<div id=\"tabs-avenir\">\n\t\t\t\t\t<h3>&raquo; Tournois \u00e0 venir<\/h3>\n\t\t\t\t\t<div class=\"contenu\"><table class=\"tableTournois\"><\/table><\/div>\n\t\t\t\t\t<\/div>\n\t\t\t\t\t<div id=\"tabs-passes\">\n\t\t\t\t\t<h3>&raquo; Tournois pass\u00e9s<\/h3>\n\t\t\t\t\t<div class=\"contenu\">\t<div id=\"tabs-annees\">\t\t\n\t\t\t\t\t<ul><li><a href=\"#tabs-2018\" title=\"2018\">2018<\/a><\/li><li><a href=\"#tabs-2017\" title=\"2017\">2017<\/a><\/li><li><a href=\"#tabs-2016\" title=\"2016\">2016<\/a><\/li>\t<\/ul>\n\t\t\t\t\t<\/div><table class=\"tableTournois\"><tr><td>\n\t\t\t\t\t<div class=\"info_tournoi\">\n\t\t\t\t\t<h4>Tournoi Aspo VB<\/h4>\n\t\t\t\t\t<strong>DIMANCHE 18 MARS 2018<\/strong>\n\t\t\t\t\t<br\/><a href=\"http:\/\/www.eso-volley.fr\/wp-content\/uploads\/2017\/10\/2018_tournoi_aspo.jpg\"><img decoding=\"async\" src=\"http:\/\/www.eso-volley.fr\/wp-content\/uploads\/2017\/10\/2018_tournoi_aspo-150x150.jpg\" alt=\"affiche\"\/><\/a>\n\t\t\t\t\t<br\/>4x4 <br\/><br\/>Gymnase du SUAPS<br\/>(14 Avenue Monge \u00e0 Tours)<br\/><a href=\"https:\/\/maps.google.com\/?q=Gymnase+du+SUAPS,14+Avenue+Monge,Tours&amp;t=h&amp;z=18\" title=\"Plan\" target=\"_blank\"><span class=\"dashicons dashicons-location-alt\"><\/span><\/a><a href=\"https:\/\/www.facebook.com\/events\/1009456339193246\" target=\"_blank\"><span class=\"dashicons dashicons-facebook\"><\/span><\/a>\n\t\t\t\t\t<\/div>\n\t\t\t\t\t<\/td><td>\n\t\t\t\t\t<div class=\"info_tournoi\">\n\t\t\t\t\t<h4>Tournoi du Tvb<\/h4>\n\t\t\t\t\t<strong>DIMANCHE 25 JUIN 2017<\/strong>\n\t\t\t\t\t<br\/><a href=\"http:\/\/www.eso-volley.fr\/wp-content\/uploads\/2017\/06\/2017-Tvb.png\"><img decoding=\"async\" src=\"http:\/\/www.eso-volley.fr\/wp-content\/uploads\/2017\/06\/2017-Tvb-150x150.png\" alt=\"affiche\"\/><\/a>\n\t\t\t\t\t<br\/>3x3 <br\/><br\/>Gymnase Louis Stanichit<br\/>(51 rue de la Gaudini\u00e8re \u00e0 Saint-Cyr-sur-Loire)<br\/><a href=\"https:\/\/maps.google.com\/?q=47.413743,0.654909&amp;t=h&amp;z=18\" title=\"Plan\" target=\"_blank\"><span class=\"dashicons dashicons-location-alt\"><\/span><\/a><a href=\"https:\/\/www.facebook.com\/events\/746457382201138\/\" target=\"_blank\"><span class=\"dashicons dashicons-facebook\"><\/span><\/a>\n\t\t\t\t\t<\/div>\n\t\t\t\t\t<\/td><td>\n\t\t\t\t\t<div class=\"info_tournoi\">\n\t\t\t\t\t<h4>Tournoi d'Amboise<\/h4>\n\t\t\t\t\t<strong>DIMANCHE 11 JUIN 2017<\/strong>\n\t\t\t\t\t<br\/><a href=\"http:\/\/www.eso-volley.fr\/wp-content\/uploads\/2017\/03\/2017-Amboise.jpg\"><img decoding=\"async\" src=\"http:\/\/www.eso-volley.fr\/wp-content\/uploads\/2017\/03\/2017-Amboise-150x150.jpg\" alt=\"affiche\"\/><\/a>\n\t\t\t\t\t<br\/>4x4 <br\/><br\/>Gymnase Claude M\u00e9nard<br\/>(Rue du Clos des Gardes \u00e0 Amboise)<br\/><a href=\"https:\/\/maps.google.com\/?q=Gymnase+Claude+M\u00e9nard,Rue+du+Clos+des+Gardes,Amboise&amp;t=h&amp;z=18\" title=\"Plan\" target=\"_blank\"><span class=\"dashicons dashicons-location-alt\"><\/span><\/a>\n\t\t\t\t\t<\/div>\n\t\t\t\t\t<\/td><\/tr><tr><td>\n\t\t\t\t\t<div class=\"info_tournoi\">\n\t\t\t\t\t<h4>Tournoi du SAS<\/h4>\n\t\t\t\t\t<strong>DIMANCHE 11 JUIN 2017<\/strong>\n\t\t\t\t\t<br\/><a href=\"http:\/\/www.eso-volley.fr\/wp-content\/uploads\/2017\/06\/201706-SAS.jpg\"><img decoding=\"async\" src=\"http:\/\/www.eso-volley.fr\/wp-content\/uploads\/2017\/06\/201706-SAS-150x150.jpg\" alt=\"affiche\"\/><\/a>\n\t\t\t\t\t<br\/>3x3 <br\/><br\/>Stade de la Bellerie<br\/>(88 Rue de la Bellerie \u00e0 Saint-Avertin)<br\/><a href=\"https:\/\/maps.google.com\/?q=47.3423769,0.7448491&amp;t=h&amp;z=18\" title=\"Plan\" target=\"_blank\"><span class=\"dashicons dashicons-location-alt\"><\/span><\/a>\n\t\t\t\t\t<\/div>\n\t\t\t\t\t<\/td><td>\n\t\t\t\t\t<div class=\"info_tournoi\">\n\t\t\t\t\t<h4>Tournoi de Charg\u00e9<\/h4>\n\t\t\t\t\t<strong>LUNDI 05 JUIN 2017<\/strong>\n\t\t\t\t\t<br\/><a href=\"http:\/\/www.eso-volley.fr\/wp-content\/uploads\/2017\/04\/2017-Charg\u00e9.jpg\"><img decoding=\"async\" src=\"http:\/\/www.eso-volley.fr\/wp-content\/uploads\/2017\/04\/2017-Charg\u00e9-150x150.jpg\" alt=\"affiche\"\/><\/a>\n\t\t\t\t\t<br\/>3x3 <br\/><br\/>Stade Jacques G\u00e9rard<br\/>(Rue Michel Debr\u00e9 \u00e0 Charg\u00e9)<br\/><a href=\"https:\/\/maps.google.com\/?q=47.434139,1.029338&amp;t=h&amp;z=18\" title=\"Plan\" target=\"_blank\"><span class=\"dashicons dashicons-location-alt\"><\/span><\/a>\n\t\t\t\t\t<\/div>\n\t\t\t\t\t<\/td><td>\n\t\t\t\t\t<div class=\"info_tournoi\">\n\t\t\t\t\t<h4>Tournoi de Charg\u00e9<\/h4>\n\t\t\t\t\t<strong>DIMANCHE 04 JUIN 2017<\/strong>\n\t\t\t\t\t<br\/><a href=\"http:\/\/www.eso-volley.fr\/wp-content\/uploads\/2017\/04\/2017-Charg\u00e9.jpg\"><img decoding=\"async\" src=\"http:\/\/www.eso-volley.fr\/wp-content\/uploads\/2017\/04\/2017-Charg\u00e9-150x150.jpg\" alt=\"affiche\"\/><\/a>\n\t\t\t\t\t<br\/>4x4 <br\/><br\/>Stade Jacques G\u00e9rard<br\/>(Rue Michel Debr\u00e9 \u00e0 Charg\u00e9)<br\/><a href=\"https:\/\/maps.google.com\/?q=47.434139,1.029338&amp;t=h&amp;z=18\" title=\"Plan\" target=\"_blank\"><span class=\"dashicons dashicons-location-alt\"><\/span><\/a>\n\t\t\t\t\t<\/div>\n\t\t\t\t\t<\/td><\/tr><tr><td>\n\t\t\t\t\t<div class=\"info_tournoi\">\n\t\t\t\t\t<h4>Tournoi du 8 mai de l'ASM VB<\/h4>\n\t\t\t\t\t<strong>LUNDI 08 MAI 2017<\/strong>\n\t\t\t\t\t<br\/><a href=\"http:\/\/www.eso-volley.fr\/wp-content\/uploads\/2017\/04\/2017-Montlouis.jpg\"><img decoding=\"async\" src=\"http:\/\/www.eso-volley.fr\/wp-content\/uploads\/2017\/04\/2017-Montlouis-150x150.jpg\" alt=\"affiche\"\/><\/a>\n\t\t\t\t\t<br\/>3x3 <br\/><br\/>Stade Eug\u00e8ne Cholet<br\/>(43 Rue Descartes \u00e0 Montlouis-sur-Loire)<br\/><a href=\"https:\/\/maps.google.com\/?q=Stade+Eug\u00e8ne+Cholet,43+Rue+Descartes,Montlouis-sur-Loire&amp;t=h&amp;z=18\" title=\"Plan\" target=\"_blank\"><span class=\"dashicons dashicons-location-alt\"><\/span><\/a><a href=\"https:\/\/www.facebook.com\/events\/1482574575086479\/\" target=\"_blank\"><span class=\"dashicons dashicons-facebook\"><\/span><\/a>\n\t\t\t\t\t<\/div>\n\t\t\t\t\t<\/td><td>\n\t\t\t\t\t<div class=\"info_tournoi\">\n\t\t\t\t\t<h4>Tournoi d'\u00e9t\u00e9 du Jvb<\/h4>\n\t\t\t\t\t<strong>LUNDI 01 MAI 2017<\/strong>\n\t\t\t\t\t<br\/><a href=\"http:\/\/www.eso-volley.fr\/wp-content\/uploads\/2017\/04\/2017-Jvb.jpg\"><img decoding=\"async\" src=\"http:\/\/www.eso-volley.fr\/wp-content\/uploads\/2017\/04\/2017-Jvb-150x150.jpg\" alt=\"affiche\"\/><\/a>\n\t\t\t\t\t<br\/>3x3 <br\/><br\/>Gymnase Beaulieu<br\/>(Rue des Pommiers \u00e0 Jou\u00e9-l\u00e8s-Tours)<br\/><a href=\"https:\/\/maps.google.com\/?q=Gymnase+Beaulieu,Rue+des+Pommiers,Jou\u00e9-l\u00e8s-Tours&amp;t=h&amp;z=18\" title=\"Plan\" target=\"_blank\"><span class=\"dashicons dashicons-location-alt\"><\/span><\/a><a href=\"https:\/\/www.facebook.com\/events\/1240145266054009\/\" target=\"_blank\"><span class=\"dashicons dashicons-facebook\"><\/span><\/a>\n\t\t\t\t\t<\/div>\n\t\t\t\t\t<\/td><td>\n\t\t\t\t\t<div class=\"info_tournoi\">\n\t\t\t\t\t<h4>Tournoi des Cakes<\/h4>\n\t\t\t\t\t<strong>DIMANCHE 09 AVRIL 2017<\/strong>\n\t\t\t\t\t<br\/><a href=\"http:\/\/www.eso-volley.fr\/wp-content\/uploads\/2017\/03\/2017-Tournoi-Eso.png\"><img decoding=\"async\" src=\"http:\/\/www.eso-volley.fr\/wp-content\/uploads\/2017\/03\/2017-Tournoi-Eso-150x150.png\" alt=\"affiche\"\/><\/a>\n\t\t\t\t\t<br\/>4x4 <br\/><br\/>Gymnases M. Kobzik et S.Barc<br\/>(Rue de la Perr\u00e9e \u00e0 Notre Dame d'O\u00e9)<br\/><a href=\"https:\/\/maps.google.com\/?q=Gymnases+M.+Kobzik+et+S.Barc,Rue+de+la+Perr\u00e9e,Notre+Dame+d'O\u00e9&amp;t=h&amp;z=18\" title=\"Plan\" target=\"_blank\"><span class=\"dashicons dashicons-location-alt\"><\/span><\/a><a href=\"https:\/\/www.facebook.com\/events\/1877187149230407\/\" target=\"_blank\"><span class=\"dashicons dashicons-facebook\"><\/span><\/a>\n\t\t\t\t\t<\/div>\n\t\t\t\t\t<\/td><\/tr><tr><td>\n\t\t\t\t\t<div class=\"info_tournoi\">\n\t\t\t\t\t<h4>Croq' Tournoi<\/h4>\n\t\t\t\t\t<strong>SAMEDI 25 MARS 2017<\/strong>\n\t\t\t\t\t<br\/><a href=\"http:\/\/www.eso-volley.fr\/wp-content\/uploads\/2017\/03\/Affiche-croqu-2017.png\"><img decoding=\"async\" src=\"http:\/\/www.eso-volley.fr\/wp-content\/uploads\/2017\/03\/Affiche-croqu-2017-150x150.png\" alt=\"affiche\"\/><\/a>\n\t\t\t\t\t<br\/>4x4 <br\/><br\/>Gymnase municipal<br\/>(Rue de Torchanais \u00e0 Ch\u00e2teau-Renault)<br\/><a href=\"https:\/\/maps.google.com\/?q=47.597245,0.916384&amp;t=h&amp;z=18\" title=\"Plan\" target=\"_blank\"><span class=\"dashicons dashicons-location-alt\"><\/span><\/a>\n\t\t\t\t\t<\/div>\n\t\t\t\t\t<\/td><td>\n\t\t\t\t\t<div class=\"info_tournoi\">\n\t\t\t\t\t<h4>Tournoi de Sully<\/h4>\n\t\t\t\t\t<strong>VENDREDI 03 MARS 2017<\/strong>\n\t\t\t\t\t<br\/><a href=\"http:\/\/www.eso-volley.fr\/wp-content\/uploads\/2017\/01\/affiche-tournoi-salle-2017.jpg\"><img decoding=\"async\" src=\"http:\/\/www.eso-volley.fr\/wp-content\/uploads\/2017\/01\/affiche-tournoi-salle-2017-150x150.jpg\" alt=\"affiche\"\/><\/a>\n\t\t\t\t\t<br\/>4x4 Mixte<br\/><br\/>Gymnase du Hameau<br\/>(42 Route d'Orl\u00e9ans \u00e0 Sully-sur-Loire)<br\/><a href=\"https:\/\/maps.google.com\/?q=47.763860,2.363660&amp;t=h&amp;z=18\" title=\"Plan\" target=\"_blank\"><span class=\"dashicons dashicons-location-alt\"><\/span><\/a>\n\t\t\t\t\t<\/div>\n\t\t\t\t\t<\/td><td>\n\t\t\t\t\t<div class=\"info_tournoi\">\n\t\t\t\t\t<h4>Tournoi Aspo VB<\/h4>\n\t\t\t\t\t<strong>DIMANCHE 26 F\u00c9VRIER 2017<\/strong>\n\t\t\t\t\t<br\/><a href=\"http:\/\/www.eso-volley.fr\/wp-content\/uploads\/2017\/01\/20170226-tournoi-aspo.jpg\"><img decoding=\"async\" src=\"http:\/\/www.eso-volley.fr\/wp-content\/uploads\/2017\/01\/20170226-tournoi-aspo-150x150.jpg\" alt=\"affiche\"\/><\/a>\n\t\t\t\t\t<br\/>4x4 <br\/><br\/>Gymnase du SUAPS<br\/>(14 Avenue Monge \u00e0 Tours)<br\/><a href=\"https:\/\/maps.google.com\/?q=Gymnase+du+SUAPS,14+Avenue+Monge,Tours&amp;t=h&amp;z=18\" title=\"Plan\" target=\"_blank\"><span class=\"dashicons dashicons-location-alt\"><\/span><\/a>\n\t\t\t\t\t<\/div>\n\t\t\t\t\t<\/td><\/tr><tr><td>\n\t\t\t\t\t<div class=\"info_tournoi\">\n\t\t\t\t\t<h4>Tournoi des cr\u00eapes<\/h4>\n\t\t\t\t\t<strong>SAMEDI 11 F\u00c9VRIER 2017<\/strong>\n\t\t\t\t\t<br\/><a href=\"http:\/\/www.eso-volley.fr\/wp-content\/uploads\/2017\/01\/20170211-tournoi-crepes.jpg\"><img decoding=\"async\" src=\"http:\/\/www.eso-volley.fr\/wp-content\/uploads\/2017\/01\/20170211-tournoi-crepes-150x150.jpg\" alt=\"affiche\"\/><\/a>\n\t\t\t\t\t<br\/>6x6 Mixte<br\/><br\/>Gymnase Danguillaume<br\/>(Rue Rolland Pilain \u00e0 Chambray-l\u00e8s-Tours)<br\/><a href=\"https:\/\/maps.google.com\/?q=Gymnase+Danguillaume,Rue+Rolland+Pilain,Chambray-l\u00e8s-Tours&amp;t=h&amp;z=18\" title=\"Plan\" target=\"_blank\"><span class=\"dashicons dashicons-location-alt\"><\/span><\/a>\n\t\t\t\t\t<\/div>\n\t\t\t\t\t<\/td><td>\n\t\t\t\t\t<div class=\"info_tournoi\">\n\t\t\t\t\t<h4>Tournoi de No\u00ebl<\/h4>\n\t\t\t\t\t<strong>VENDREDI 16 D\u00c9CEMBRE 2016<\/strong>\n\t\t\t\t\t<br\/><a href=\"http:\/\/www.eso-volley.fr\/wp-content\/uploads\/2016\/11\/20161216-Tournoi-St-Cyr.jpg\"><img decoding=\"async\" src=\"http:\/\/www.eso-volley.fr\/wp-content\/uploads\/2016\/11\/20161216-Tournoi-St-Cyr-150x150.jpg\" alt=\"affiche\"\/><\/a>\n\t\t\t\t\t<br\/>4x4 Mixte<br\/><br\/>Gymnase Louis Stanichit<br\/>(51 rue de la Gaudini\u00e8re \u00e0 Saint-Cyr-sur-Loire)<br\/><a href=\"https:\/\/maps.google.com\/?q=47.413743,0.654909&amp;t=h&amp;z=18\" title=\"Plan\" target=\"_blank\"><span class=\"dashicons dashicons-location-alt\"><\/span><\/a>\n\t\t\t\t\t<\/div>\n\t\t\t\t\t<\/td><td>\n\t\t\t\t\t<div class=\"info_tournoi\">\n\t\t\t\t\t<h4>T\u00e9l\u00e9thon 2016<\/h4>\n\t\t\t\t\t<strong>VENDREDI 02 D\u00c9CEMBRE 2016<\/strong>\n\t\t\t\t\t<br\/><a href=\"http:\/\/www.eso-volley.fr\/wp-content\/uploads\/2016\/11\/20161202-Tournoi-Monts.jpg\"><img decoding=\"async\" src=\"http:\/\/www.eso-volley.fr\/wp-content\/uploads\/2016\/11\/20161202-Tournoi-Monts-150x150.jpg\" alt=\"affiche\"\/><\/a>\n\t\t\t\t\t<br\/>6x6 Mixte<br\/><br\/> Gymnase de Bois-Foucher<br\/>(17 Rue Honor\u00e9 de Balzac \u00e0 Monts)<br\/><a href=\"https:\/\/maps.google.com\/?q=47.279072,0.651574&amp;t=h&amp;z=18\" title=\"Plan\" target=\"_blank\"><span class=\"dashicons dashicons-location-alt\"><\/span><\/a>\n\t\t\t\t\t<\/div>\n\t\t\t\t\t<\/td><\/tr><\/table><\/div>\n\t\t\t\t\t<\/div>\n\t\t\t\t<\/div>\n\t\t\t\t<script>\n\t\t\t\t\tjQuery(function() {\n\t\t\t\t\t\tjQuery( \"#tabs\" ).tabs();\n\t\t\t\t\t\tjQuery( \"#tabs-annees\" ).tabs();\n\t\t\t\t\t});\n\t\t\t\t<\/script>\n","protected":false},"excerpt":{"rendered":"","protected":false},"author":36,"featured_media":0,"parent":719,"menu_order":1,"comment_status":"open","ping_status":"closed","template":"","meta":{"footnotes":""},"class_list":["post-3711","page","type-page","status-publish","hentry","nodate","item-wrap"],"_links":{"self":[{"href":"https:\/\/www.eso-volley.fr\/index.php?rest_route=\/wp\/v2\/pages\/3711","targetHints":{"allow":["GET"]}}],"collection":[{"href":"https:\/\/www.eso-volley.fr\/index.php?rest_route=\/wp\/v2\/pages"}],"about":[{"href":"https:\/\/www.eso-volley.fr\/index.php?rest_route=\/wp\/v2\/types\/page"}],"author":[{"embeddable":true,"href":"https:\/\/www.eso-volley.fr\/index.php?rest_route=\/wp\/v2\/users\/36"}],"replies":[{"embeddable":true,"href":"https:\/\/www.eso-volley.fr\/index.php?rest_route=%2Fwp%2Fv2%2Fcomments&post=3711"}],"version-history":[{"count":2,"href":"https:\/\/www.eso-volley.fr\/index.php?rest_route=\/wp\/v2\/pages\/3711\/revisions"}],"predecessor-version":[{"id":4030,"href":"https:\/\/www.eso-volley.fr\/index.php?rest_route=\/wp\/v2\/pages\/3711\/revisions\/4030"}],"up":[{"embeddable":true,"href":"https:\/\/www.eso-volley.fr\/index.php?rest_route=\/wp\/v2\/pages\/719"}],"wp:attachment":[{"href":"https:\/\/www.eso-volley.fr\/index.php?rest_route=%2Fwp%2Fv2%2Fmedia&parent=3711"}],"curies":[{"name":"wp","href":"https:\/\/api.w.org\/{rel}","templated":true}]}}