{"id":4488,"date":"2020-08-14T23:35:44","date_gmt":"2020-08-14T21:35:44","guid":{"rendered":"https:\/\/www.eso-volley.fr\/?page_id=4488"},"modified":"2022-03-13T21:47:43","modified_gmt":"2022-03-13T20:47:43","slug":"covid-19","status":"publish","type":"page","link":"https:\/\/www.eso-volley.fr\/?page_id=4488","title":{"rendered":"Covid-19"},"content":{"rendered":"\n<h3 class=\"wp-block-heading\">DOCUMENTS A LIRE ET A COMPL\u00c9TER<\/h3>\n\n\n\n<p>La crise sanitaire a entra\u00een\u00e9 une modification abrupte des habitudes du quotidien. Pour r\u00e9pondre aux consignes du gouvernement, l&rsquo;ESO Volley-ball met en place un certain nombre de mesures \u00e0 respecter.<\/p>\n\n\n\n<p>Vous trouverez ci-dessous deux documents selon votre situation :<\/p>\n\n\n\n<h4 class=\"has-text-color wp-block-heading\" style=\"color:#7f0f11\">Pour tous :<\/h4>\n\n\n\n<p>Selon les r\u00e8gles applicables depuis le 9 ao\u00fbt 2021, <strong>l&rsquo;acc\u00e8s aux gymnases n\u00e9cessite un pass sanitaire valide<\/strong>, qui est contr\u00f4l\u00e9 \u00e0 l&rsquo;entr\u00e9e, pour les personnes (adh\u00e9rentes ou non) \u00e2g\u00e9es d&rsquo;au moins 12 ans et 2 mois. Au 24 janvier, ce pass a \u00e9t\u00e9 transform\u00e9 en un <strong>pass vaccinal pour toute personne \u00e2g\u00e9e d&rsquo;au moins 16 ans<\/strong>.<\/p>\n\n\n\n<h4 class=\"has-text-color wp-block-heading\" style=\"color:#7f0f11\">Pour les mineurs :<\/h4>\n\n\n\n<p><a rel=\"noreferrer noopener\" aria-label=\" (s\u2019ouvre dans un nouvel onglet)\" href=\"http:\/\/www.eso-volley.fr\/Docs\/Consignes Covid - Mineurs.pdf\" target=\"_blank\"><strong>Consignes Covid<\/strong> pour les mineurs <\/a>(209 Ko &#8211; <em>Derni\u00e8re mise \u00e0 jour : 14\/03\/22<\/em>) : Ce document de 4 pages d\u00e9taille les mesures applicables <strong>aux mineurs<\/strong> dans les diff\u00e9rents cas de figure que vous pouvez rencontrer. <strong>Il est imp\u00e9ratif d&rsquo;en avoir pris connaissance<\/strong> pour pratiquer chez nous.<\/p>\n\n\n\n<h4 class=\"has-text-color wp-block-heading\" style=\"color:#7f0f11\"><strong>Pour les adultes :<\/strong><\/h4>\n\n\n\n<p> <a rel=\"noreferrer noopener\" aria-label=\" (s\u2019ouvre dans un nouvel onglet)\" href=\"http:\/\/www.eso-volley.fr\/Docs\/Consignes Covid - Adultes.pdf\" target=\"_blank\"><strong>Consignes Covid<\/strong> pour les adultes <\/a>(209 Ko &#8211; <em>Derni\u00e8re mise \u00e0 jour : 14\/03\/22<\/em>) : Ce document de 4 pages d\u00e9taille les mesures applicables <strong>aux adultes<\/strong> dans les diff\u00e9rents cas de figure que vous pouvez rencontrer. <strong>Il est imp\u00e9ratif d&rsquo;en avoir pris connaissance<\/strong> pour pratiquer chez nous. <\/p>\n\n\n\n<p><\/p>\n","protected":false},"excerpt":{"rendered":"<p>DOCUMENTS A LIRE ET A COMPL\u00c9TER La crise sanitaire a entra\u00een\u00e9 une modification abrupte des habitudes du quotidien. Pour r\u00e9pondre aux consignes du gouvernement, l&rsquo;ESO Volley-ball met en place un certain nombre de mesures \u00e0 respecter. Vous trouverez ci-dessous deux documents selon votre situation : Pour tous : Selon les r\u00e8gles applicables depuis le 9 &hellip; <\/p>\n<p><a class=\"more-link btn\" href=\"https:\/\/www.eso-volley.fr\/?page_id=4488\">Lire la suite<\/a><\/p>\n","protected":false},"author":1,"featured_media":0,"parent":719,"menu_order":0,"comment_status":"closed","ping_status":"closed","template":"","meta":{"footnotes":""},"class_list":["post-4488","page","type-page","status-publish","hentry","nodate","item-wrap"],"_links":{"self":[{"href":"https:\/\/www.eso-volley.fr\/index.php?rest_route=\/wp\/v2\/pages\/4488","targetHints":{"allow":["GET"]}}],"collection":[{"href":"https:\/\/www.eso-volley.fr\/index.php?rest_route=\/wp\/v2\/pages"}],"about":[{"href":"https:\/\/www.eso-volley.fr\/index.php?rest_route=\/wp\/v2\/types\/page"}],"author":[{"embeddable":true,"href":"https:\/\/www.eso-volley.fr\/index.php?rest_route=\/wp\/v2\/users\/1"}],"replies":[{"embeddable":true,"href":"https:\/\/www.eso-volley.fr\/index.php?rest_route=%2Fwp%2Fv2%2Fcomments&post=4488"}],"version-history":[{"count":2,"href":"https:\/\/www.eso-volley.fr\/index.php?rest_route=\/wp\/v2\/pages\/4488\/revisions"}],"predecessor-version":[{"id":4568,"href":"https:\/\/www.eso-volley.fr\/index.php?rest_route=\/wp\/v2\/pages\/4488\/revisions\/4568"}],"up":[{"embeddable":true,"href":"https:\/\/www.eso-volley.fr\/index.php?rest_route=\/wp\/v2\/pages\/719"}],"wp:attachment":[{"href":"https:\/\/www.eso-volley.fr\/index.php?rest_route=%2Fwp%2Fv2%2Fmedia&parent=4488"}],"curies":[{"name":"wp","href":"https:\/\/api.w.org\/{rel}","templated":true}]}}